{"id":252,"date":"2021-07-06T13:04:05","date_gmt":"2021-07-06T13:04:05","guid":{"rendered":"https:\/\/loresimall.com\/?post_type=product&#038;p=252"},"modified":"2025-02-18T12:28:05","modified_gmt":"2025-02-18T12:28:05","slug":"rgb-duz-siyah-8030-cm-gaming-oyuncu-mousepad","status":"publish","type":"product","link":"https:\/\/loresimall.com\/index.php\/product\/rgb-duz-siyah-8030-cm-gaming-oyuncu-mousepad\/","title":{"rendered":"Rgb D\u00fcz Siyah 80*30 cm Gaming Oyuncu Mousepad"},"content":{"rendered":"<p>\u00d6zellikler:<\/p>\n<p>1. T\u00fcm mouse \u00e7e\u015fitlerinde \u00fcst d\u00fczey hassasiyet ile \u00e7al\u0131\u015fan speed versiyon kaygan y\u00fczey.<\/p>\n<p>2. Elektronik spor salonlar\u0131 ve internet kafeler i\u00e7in tasarlanm\u0131\u015f, sadece oyunlar\u0131n keyfini \u00e7\u0131karman\u0131z i\u00e7in b\u00fcy\u00fck ve g\u00f6z kama\u015ft\u0131r\u0131c\u0131 renkli \u0131\u015f\u0131kl\u0131 mouse pad, istikrarl\u0131 ve kaymaz.<\/p>\n<p>3. Sadece renk de\u011fi\u015ftirme d\u00fc\u011fmesine basarak istenen renge ge\u00e7er.<\/p>\n<p>4. S\u00fcrt\u00fcnme kuvvetini art\u0131rabilir kaymaz kau\u00e7uk ile tasarlanm\u0131\u015ft\u0131r. Mouse ne kadar \u015fiddetli kullan\u0131lsa bilse mouse pad masada kal\u0131r.<\/p>\n<p>5. 13 farkl\u0131 \u0131\u015f\u0131k modu<\/p>\n<p>Boyut: 80&#215;30<\/p>\n","protected":false},"excerpt":{"rendered":"<p>LRSM<\/p>\n","protected":false},"featured_media":284,"comment_status":"open","ping_status":"closed","template":"","meta":[],"product_cat":[211,212,199,216,217,208],"product_tag":[213,214,204,215,218,219,220],"class_list":{"0":"post-252","1":"product","2":"type-product","3":"status-publish","4":"has-post-thumbnail","6":"product_cat-bilgisayartablet","7":"product_cat-cevre-birimleri","8":"product_cat-elektronik","9":"product_cat-oyuncu-bilgisayari","10":"product_cat-oyuncu-mousepad","11":"product_cat-tum-urunler","12":"product_tag-gaming-mousepad","13":"product_tag-isiklimousepad","14":"product_tag-lrsm","15":"product_tag-mousepad","16":"product_tag-oyuncuekipmanlari","17":"product_tag-oyuncumousepad","18":"product_tag-rgbmousepad","20":"first","21":"outofstock","22":"sale","23":"taxable","24":"shipping-taxable","25":"purchasable","26":"product-type-simple","27":"col-xs-6 col-sm-4","28":"col-md-3 col-lg-3","29":"un-4-cols"},"_links":{"self":[{"href":"https:\/\/loresimall.com\/index.php\/wp-json\/wp\/v2\/product\/252","targetHints":{"allow":["GET"]}}],"collection":[{"href":"https:\/\/loresimall.com\/index.php\/wp-json\/wp\/v2\/product"}],"about":[{"href":"https:\/\/loresimall.com\/index.php\/wp-json\/wp\/v2\/types\/product"}],"replies":[{"embeddable":true,"href":"https:\/\/loresimall.com\/index.php\/wp-json\/wp\/v2\/comments?post=252"}],"wp:featuredmedia":[{"embeddable":true,"href":"https:\/\/loresimall.com\/index.php\/wp-json\/wp\/v2\/media\/284"}],"wp:attachment":[{"href":"https:\/\/loresimall.com\/index.php\/wp-json\/wp\/v2\/media?parent=252"}],"wp:term":[{"taxonomy":"product_cat","embeddable":true,"href":"https:\/\/loresimall.com\/index.php\/wp-json\/wp\/v2\/product_cat?post=252"},{"taxonomy":"product_tag","embeddable":true,"href":"https:\/\/loresimall.com\/index.php\/wp-json\/wp\/v2\/product_tag?post=252"}],"curies":[{"name":"wp","href":"https:\/\/api.w.org\/{rel}","templated":true}]}}