{"id":1131,"date":"2022-07-23T20:54:30","date_gmt":"2022-07-23T20:54:30","guid":{"rendered":"https:\/\/loresimall.com\/?post_type=product&#038;p=1131"},"modified":"2025-02-18T12:26:42","modified_gmt":"2025-02-18T12:26:42","slug":"the-ordinary-glycolic-acid-7-toning-solution-240ml","status":"publish","type":"product","link":"https:\/\/loresimall.com\/index.php\/product\/the-ordinary-glycolic-acid-7-toning-solution-240ml\/","title":{"rendered":"Glycolic Acid 7% Toning Solution 240ml"},"content":{"rendered":"<p><a href=\"https:\/\/loresimall.com\/wp-content\/uploads\/2022\/07\/The-Ordinary-Glycolic-Acid-7-Toning-Solution-240-ml-3.webp\"><img fetchpriority=\"high\" decoding=\"async\" class=\"aligncenter wp-image-1134\" src=\"https:\/\/loresimall.com\/wp-content\/uploads\/2022\/07\/The-Ordinary-Glycolic-Acid-7-Toning-Solution-240-ml-3.webp\" alt=\"The Ordinary Glycolic Acid 7% Toning Solution 240ml\" width=\"250\" height=\"250\" srcset=\"https:\/\/loresimall.com\/wp-content\/uploads\/2022\/07\/The-Ordinary-Glycolic-Acid-7-Toning-Solution-240-ml-3.webp 450w, https:\/\/loresimall.com\/wp-content\/uploads\/2022\/07\/The-Ordinary-Glycolic-Acid-7-Toning-Solution-240-ml-3-300x300.webp 300w, https:\/\/loresimall.com\/wp-content\/uploads\/2022\/07\/The-Ordinary-Glycolic-Acid-7-Toning-Solution-240-ml-3-100x100.webp 100w, https:\/\/loresimall.com\/wp-content\/uploads\/2022\/07\/The-Ordinary-Glycolic-Acid-7-Toning-Solution-240-ml-3-150x150.webp 150w, https:\/\/loresimall.com\/wp-content\/uploads\/2022\/07\/The-Ordinary-Glycolic-Acid-7-Toning-Solution-240-ml-3-370x370.webp 370w\" sizes=\"(max-width: 250px) 100vw, 250px\" \/><\/a><\/p>\n<p style=\"text-align: center;\"><strong>The Ordinary Glycolic Acid 7% Toning Solution 240ml % 7 <\/strong><\/p>\n<p style=\"text-align: center;\">Glikolik asit, amino asitler, aloe vera, ginseng ve tazmanya biber ile glikolik asit, cildi temizleyen bir alfa hidroksi asittir. Bu% 7 tonlama \u00e7\u00f6zeltisi, cildin parlakl\u0131\u011f\u0131n\u0131 ve g\u00f6r\u00fcn\u00fcr berrakl\u0131\u011f\u0131n\u0131 artt\u0131rmak i\u00e7in hafif bir peeling sa\u011flar. Form\u00fcl ayr\u0131ca s\u00fcrekli kullan\u0131mla cilt dokusunun g\u00f6r\u00fcn\u00fcm\u00fcn\u00fc de iyile\u015ftirir. Bu form\u00fcl asit kullan\u0131m\u0131 ile ili\u015fkili tahri\u015fi azaltmak i\u00e7in \u00e7al\u0131\u015f\u0131lm\u0131\u015f bir tasmanian pepperberry t\u00fcrevi i\u00e7erir. Bu t\u00fcrev bitki k\u00f6kenlidir ve mevsimsel olarak renge g\u00f6re de\u011fi\u015fir ve bu renk de\u011fi\u015fimi zaman zaman form\u00fclde g\u00f6r\u00fclebilir. Form\u00fcl ayr\u0131ca, hem g\u00f6r\u00fcn\u00fcr parlakl\u0131k hem de yat\u0131\u015ft\u0131r\u0131c\u0131 faydalar i\u00e7in ginseng k\u00f6k\u00fc ve aloe veran\u0131n eklenmesiyle desteklenir. Kontrendikasyonlar\u0131: Bu form\u00fcl hassas, peeling veya tahri\u015f olmu\u015f cilt \u00fczerinde kullan\u0131lmamal\u0131d\u0131r<\/p>\n<p style=\"text-align: center;\"><em><strong>T\u00fcm \u00dcr\u00fcnler Orijinal olup \u00fcretici DEC\u0130EM den tedarik edilmektedir.<\/strong><\/em><\/p>\n","protected":false},"excerpt":{"rendered":"<p>The Ordinary<\/p>\n","protected":false},"featured_media":1134,"comment_status":"open","ping_status":"closed","template":"","meta":[],"product_cat":[223,225,593,208],"product_tag":[590,591,226,592],"class_list":{"0":"post-1131","1":"product","2":"type-product","3":"status-publish","4":"has-post-thumbnail","6":"product_cat-cilt-bakim","7":"product_cat-kozmetik-saglik","8":"product_cat-tonik","9":"product_cat-tum-urunler","10":"product_tag-glycolic-acid","11":"product_tag-glycolic-acid-7","12":"product_tag-the-ordinary","13":"product_tag-tonic","15":"first","16":"outofstock","17":"sale","18":"taxable","19":"shipping-taxable","20":"purchasable","21":"product-type-simple","22":"col-xs-6 col-sm-4","23":"col-md-3 col-lg-3","24":"un-4-cols"},"_links":{"self":[{"href":"https:\/\/loresimall.com\/index.php\/wp-json\/wp\/v2\/product\/1131","targetHints":{"allow":["GET"]}}],"collection":[{"href":"https:\/\/loresimall.com\/index.php\/wp-json\/wp\/v2\/product"}],"about":[{"href":"https:\/\/loresimall.com\/index.php\/wp-json\/wp\/v2\/types\/product"}],"replies":[{"embeddable":true,"href":"https:\/\/loresimall.com\/index.php\/wp-json\/wp\/v2\/comments?post=1131"}],"wp:featuredmedia":[{"embeddable":true,"href":"https:\/\/loresimall.com\/index.php\/wp-json\/wp\/v2\/media\/1134"}],"wp:attachment":[{"href":"https:\/\/loresimall.com\/index.php\/wp-json\/wp\/v2\/media?parent=1131"}],"wp:term":[{"taxonomy":"product_cat","embeddable":true,"href":"https:\/\/loresimall.com\/index.php\/wp-json\/wp\/v2\/product_cat?post=1131"},{"taxonomy":"product_tag","embeddable":true,"href":"https:\/\/loresimall.com\/index.php\/wp-json\/wp\/v2\/product_tag?post=1131"}],"curies":[{"name":"wp","href":"https:\/\/api.w.org\/{rel}","templated":true}]}}