{"id":1016,"date":"2021-10-10T19:41:43","date_gmt":"2021-10-10T19:41:43","guid":{"rendered":"https:\/\/loresimall.com\/?post_type=product&#038;p=1016"},"modified":"2025-02-18T12:26:43","modified_gmt":"2025-02-18T12:26:43","slug":"lr-aloe-via-nemlendirici-jel-yuz-kremi-50-ml","status":"publish","type":"product","link":"https:\/\/loresimall.com\/index.php\/product\/lr-aloe-via-nemlendirici-jel-yuz-kremi-50-ml\/","title":{"rendered":"LR ALOE VIA Nemlendirici Jel Y\u00fcz Kremi 50 ml"},"content":{"rendered":"<p><img fetchpriority=\"high\" decoding=\"async\" class=\"aligncenter wp-image-991 size-thumbnail\" src=\"https:\/\/loresimall.com\/wp-content\/uploads\/2021\/10\/LR-ALOE-VIA-Nemlendirici-Jel-Yuz-Kremi-50-ml-1-280x280.png\" alt=\"\" width=\"280\" height=\"280\" \/><\/p>\n<p style=\"text-align: center;\"><strong>LR ALOE VIA Nemlendirici Jel Y\u00fcz Kremi 50 ml<\/strong><\/p>\n<p style=\"text-align: center;\">Hafif, h\u0131zl\u0131 emilen y\u00fcz i\u00e7in jel krem<\/p>\n<p>\u2022 %50 Aloe Vera Jel ve zeytin \u00f6z\u00fc i\u00e7erir<\/p>\n<p>\u2022 Yo\u011fun bir \u015fekilde nemlendirir ve tazelik katar<\/p>\n<p>\u2022 Cildi yeniler<\/p>\n<p>\u2022 Cilt tazelenir ve \u0131\u015f\u0131ldar<\/p>\n","protected":false},"excerpt":{"rendered":"<p>LR Health &amp; Beauty<\/p>\n","protected":false},"featured_media":991,"comment_status":"open","ping_status":"closed","template":"","meta":[],"product_cat":[530,223,225,208],"product_tag":[562,532,534,563],"class_list":{"0":"post-1016","1":"product","2":"type-product","3":"status-publish","4":"has-post-thumbnail","6":"product_cat-aloe-via","7":"product_cat-cilt-bakim","8":"product_cat-kozmetik-saglik","9":"product_cat-tum-urunler","10":"product_tag-aloe-vera-jel-nemlendirici","11":"product_tag-lr","12":"product_tag-lr-health-beauty","13":"product_tag-nemlendirici-jel","15":"first","16":"outofstock","17":"sale","18":"taxable","19":"shipping-taxable","20":"purchasable","21":"product-type-simple","22":"col-xs-6 col-sm-4","23":"col-md-3 col-lg-3","24":"un-4-cols"},"_links":{"self":[{"href":"https:\/\/loresimall.com\/index.php\/wp-json\/wp\/v2\/product\/1016","targetHints":{"allow":["GET"]}}],"collection":[{"href":"https:\/\/loresimall.com\/index.php\/wp-json\/wp\/v2\/product"}],"about":[{"href":"https:\/\/loresimall.com\/index.php\/wp-json\/wp\/v2\/types\/product"}],"replies":[{"embeddable":true,"href":"https:\/\/loresimall.com\/index.php\/wp-json\/wp\/v2\/comments?post=1016"}],"wp:featuredmedia":[{"embeddable":true,"href":"https:\/\/loresimall.com\/index.php\/wp-json\/wp\/v2\/media\/991"}],"wp:attachment":[{"href":"https:\/\/loresimall.com\/index.php\/wp-json\/wp\/v2\/media?parent=1016"}],"wp:term":[{"taxonomy":"product_cat","embeddable":true,"href":"https:\/\/loresimall.com\/index.php\/wp-json\/wp\/v2\/product_cat?post=1016"},{"taxonomy":"product_tag","embeddable":true,"href":"https:\/\/loresimall.com\/index.php\/wp-json\/wp\/v2\/product_tag?post=1016"}],"curies":[{"name":"wp","href":"https:\/\/api.w.org\/{rel}","templated":true}]}}